 Suppose -r = -9*v + 1101. What is the units digit of v?
8
Let t = 53 - 47. Let k(c) = c + 16. Let y be k(-8). What is the units digit of (-766)/(-8) - t/y?
5
Suppose 23*o - 3669 = 1023. What is the hundreds digit of 2/17 - (-202344)/o?
9
Let y be -4 - (27/(-3))/1. Suppose 0*n - 3256 = -2*a + 4*n, -2*n + 8152 = y*a. What is the units digit of a?
0
Let w be (10/(-3))/(-5) + 25/3. Suppose -w*r + 104 = -r. Suppose 8*u + 405 = r*u. What is the tens digit of u?
8
Let y = 1126 - 464. Suppose 1348 = 2*j - 2*d, 0 = -j - 24*d + 19*d + y. What is the hundreds digit of j?
6
Suppose 498*b - 1004*b + 133046 = -504*b. What is the tens digit of b?
2
Let x(q) = 541*q**2 + 179*q - 698. What is the thousands digit of x(4)?
8
Let h be 0/3 + 12 + 3. Suppose h*j - 107 - 1123 = 0. What is the tens digit of j?
8
Suppose -4*g = -5*u - 31, 0 = 5*u + 16 - 1. What is the hundreds digit of 2/g*1940 + 4?
9
Let x be ((-6 - -7) + 38)*31. Suppose -35*b + 10901 = -x. What is the units digit of b?
6
Let d(i) be the first derivative of -5*i**2 + 38*i - 41. Let m be d(-14). Suppose -2*b = -4*p - m + 34, -2*b + 146 = -2*p. What is the tens digit of b?
7
Let b(s) = 40*s**2 - 4*s - 3. Suppose -4*q + 2 = -5*h, -2*q = 1 + 3. Let z be b(h). Suppose z = 3*c + 3*p, 3*c + 2*p - 170 = -9. What is the tens digit of c?
5
Suppose -49345 + 89206 + 61149 = 13*z. What is the hundreds digit of z?
7
Suppose 4*i + 2*u - 7 = -1, 4*i - 4*u = 12. Suppose 0 = o + 5*f - 31, -i*f - 2*f = -2*o + 20. Suppose 0 = 12*w - o*w + 796. What is the units digit of w?
9
Suppose -3*f = 4*u - 77318, -33*f + 77288 = 4*u - 35*f. What is the ten thousands digit of u?
1
Suppose -2*a - 4*c + 14 = -0*a, 0 = 3*a + 2*c - 17. Suppose -p + a*p = 676. Suppose -242 = -3*l + p. What is the tens digit of l?
3
Let b = -85 + 94. Suppose 8*m = b*m - 28. Suppose m = 2*v - 10. What is the units digit of v?
9
Let c(p) = 113*p**2 - 26*p - 13. What is the thousands digit of c(6)?
3
What is the units digit of (-6 - (-6544)/(-20))*(-11 + 3 - 17)?
0
Let z = 939 + -927. Suppose -z*d - 478 = -13*d + r, -2*r - 1429 = -3*d. What is the units digit of d?
3
Let g(p) = 9*p**2 + p - 4. Let r = -18 - 10. Let z be ((-6)/(-7))/((-8)/r). What is the units digit of g(z)?
0
Suppose -2*a = 2, 4*a + 14 = 3*y - a. Suppose 9*b + 80 = 10*b + 5*c, c - 212 = -y*b. What is the tens digit of b?
7
Suppose 12*a = 434887 - 134023. What is the thousands digit of a?
5
Let f = 17450 + 18751. What is the thousands digit of f?
6
Let n(j) = 20*j**2 - 55*j + 96. What is the thousands digit of n(19)?
6
Let y be 0/((12/(-8))/(3/4)). Let w = -15 + 18. Suppose -5*q - w*l + 811 = y, -2*q - 4*l + 332 = l. What is the units digit of q?
1
Suppose -90*k - 4*l = -91*k + 58253, k - 2*l = 58245. What is the units digit of k?
7
Let z be 1 + 2 + 1 + -2 + 0. Suppose -2*q = 1 + 1, z*r = -5*q + 5. Suppose r*i - 278 = 142. What is the tens digit of i?
8
Let p = 19170 - -2102. What is the units digit of p?
2
Let v(d) = -4*d + 13. Let g be v(7). Let p be ((-40)/(-15) + -4)/(2/g). Let s(c) = -c**3 + 12*c**2 - 14*c + 20. What is the tens digit of s(p)?
8
Let v(x) = -x - 9. Let k be v(3). Let h = -1097 - -1803. What is the units digit of k/24 - h/(-4)?
6
Suppose k = 2*k - 4*a - 12, 0 = k + 2*a + 6. Suppose 2*z - z + 1 = k. Let y(i) = 97*i**2 - 1. What is the tens digit of y(z)?
9
Let r(f) = -f - 330. Let z(h) = 190. Let o(i) = -4*r(i) - 7*z(i). Let q be -2*-2*(-14)/(-8). What is the units digit of o(q)?
8
Let t = 112 + -67. Suppose t = -2*p - 25. Let w = p - -95. What is the tens digit of w?
6
Suppose -6*f + 5688 = 6*f. Suppose 0 = 4*g + 3*m - 1063, -2*g + 2*m = -f - 68. What is the hundreds digit of g?
2
Let i(n) be the second derivative of 35*n**3/6 - 64*n**2 - 9*n + 4. What is the tens digit of i(9)?
8
Suppose 3*v = -4*c + v - 462, 5*c - 5*v + 600 = 0. Suppose -207 = -j - 5*d, -3*j - 3*d + 2*d = -663. Let o = c + j. What is the units digit of o?
5
Let u(q) = -4*q - 40. Let n be u(-11). Suppose -430 - 134 = -n*l. What is the tens digit of l?
4
Let k(q) = 68*q**2 + 5*q + 125 - 77 + 9*q. What is the tens digit of k(-5)?
7
Let j(n) = 116*n**3 + 16*n**2 - n - 21. What is the thousands digit of j(4)?
7
Let y(w) be the first derivative of w**3/3 + 7. Let i be y(-2). Suppose v - 2*n = -4*n + 34, -i*n = -4*v + 148. What is the units digit of v?
6
Let c(i) = -144 + 7*i - 136 + 417 - 141 + 4*i. Let r = 8 + -2. What is the units digit of c(r)?
2
Suppose 8*l = 12*l - 56. Let f = l + -11. Suppose 7*u - f*u = 364. What is the units digit of u?
1
Suppose 729512 = -12198*d + 12247*d. What is the units digit of d?
8
Let j(i) = -3*i - 95. Let n be j(0). Let t = n + 143. Let s = t + 2. What is the tens digit of s?
5
Let c = -927 - -11263. What is the thousands digit of c?
0
Suppose -h + 4*a = -24901, -4*h - 542*a + 546*a = -99640. What is the hundreds digit of h?
9
Let g = -304 - -313. Suppose g*s - 8*s = 151. What is the tens digit of s?
5
Let z(k) = -91*k + 199. Suppose -3*f = 9, 8*h - 9*h - 20 = 4*f. What is the units digit of z(h)?
7
Let i(o) = o**3 + 13*o**2 + 12*o - 46. Let n = -226 - -215. What is the tens digit of i(n)?
6
Let h(t) = 18 - 47 + 18*t + 23*t - t**2. What is the units digit of h(36)?
1
Let f = 66890 + -23246. What is the units digit of f?
4
Suppose -4*d - 4*i + 9880 = 0, -5*d + 7426 = -2*d - i. Let g = d + -1552. What is the tens digit of g?
2
Suppose -l - 3*f = -0*f, 44 = 2*l - 5*f. Suppose 4*h = l*h - 16. Suppose 40 + 164 = h*x. What is the units digit of x?
2
Suppose -d + 2*y = -1102, -4*d + 9*d - 5465 = -5*y. Suppose -464 = -13*v + d. What is the hundreds digit of (352/(-96))/((-2)/v)?
2
Suppose 278*q = 268*q + 68900. What is the tens digit of q?
9
Suppose 0 = -5*z + 4*d + 5047, 4*z - 27*d - 4040 = -23*d. What is the units digit of -2 + z + 7 + -3 + 0?
9
Let t(j) = j**3 + 2*j**2 - 4*j - 6. Suppose -8 = -f - 2*m - 22, m - 48 = 5*f. Let p be ((-5)/f)/((-1)/(-6)). What is the tens digit of t(p)?
2
Let i(b) = 5*b - 1. Let m(n) = -65*n + 15. Let z(w) = 40*i(w) + 3*m(w). Let o be z(2). Let y(d) = -d**3 + 16*d**2 - 15*d + 8. What is the units digit of y(o)?
8
Let c(h) = -h**3 + 22*h**2 - 15*h + 12. Let m be c(20). Suppose -2*p + 84 = -m. What is the hundreds digit of p?
2
Suppose 5216 = 4*i + 3*r - 4865, -3*r + 9 = 0. What is the thousands digit of i?
2
Let h = 113 - 202. Let w = 258 - h. What is the tens digit of w?
4
Let i(x) = -6*x - 5. Suppose -l + 3 = -2. Suppose -16 = c + 3*c + 2*u, 0 = -3*c - l*u - 19. What is the tens digit of i(c)?
1
Let q be (1 + 0)/((-7)/(-12607)). Let m = 2543 - q. What is the units digit of m?
2
Let g = -73 - -288. Let m = 414 - g. What is the hundreds digit of m?
1
Let s(v) be the first derivative of 15 - 7/2*v**2 + 4*v + 1/3*v**3. What is the units digit of s(8)?
2
Let o be ((-8)/(-5))/((-8)/40). Let i be 4065/25 + o/(-20). Let a = 244 - i. What is the tens digit of a?
8
Let f = 11958 + 4152. What is the thousands digit of f?
6
Suppose 22*d = 20*d + 242. Let t = d - 13. Suppose 5*s = -i + t, -i - 3*i = -5*s - 357. What is the tens digit of i?
9
Let o(h) = 4*h**3 - h**2 + h + 3. Let q be (-3)/(-2)*(-8)/(-3). Suppose 4 = -q*b, 3*x + 2*b - 4*b = 8. What is the units digit of o(x)?
3
Let n(j) = -2*j**3 - 6*j**2 + 10*j + 14. Suppose i + 4*f + 16 = 0, 3*i + 0*f + 5*f = -13. Suppose i = 3*r + 19. What is the units digit of n(r)?
4
Let q(p) = -19*p - 112. Let c be ((-31)/3 - -2)/((-35)/(-105)). What is the tens digit of q(c)?
6
Let f be (1 + -7)/((-3)/4). Let h be (-30*(-2)/(-16))/(175/28 - 7). Suppose -2*x + f = z - 12, h*x + 4*z - 53 = 0. What is the units digit of x?
9
Let k = -549 + 554. Let y(u) = 8*u**3 + u**2 - 3*u - 40. What is the units digit of y(k)?
0
Let z = -5944 + 6548. What is the hundreds digit of z?
6
Let z(r) be the third derivative of r**6/60 - r**5/60 - 5*r**4/12 + r**3 - 12*r**2. Let a(m) be the first derivative of z(m). What is the units digit of a(-4)?
4
Suppose 5*z = -75*d + 69*d + 97980, 39192 = 2*z + 4*d. What is the ten thousands digit of z?
1
Suppose w + 21 = 3. What is the units digit of (w/(-4))/(4/112)?
6
Suppose n = 3, 0*n = -5*b + 2*n + 39. Let h = -1 - b. What is the tens digit of h/30*(-1 - 224)?
7
Let f = 7012 - 4012. Suppose 3*d - 2*n - f = 0, d + n - 3000 = -2*d. What is the units digit of d?
0
Suppose 10 = 2*k - 0. Suppose -3*s 